n base 3, what is -11112012 + -10?
-11112022
In base 2, what is 11111110110 - -11?
11111111001
In base 7, what is 4 + -1033?
-1026
In base 10, what is -3 - 106?
-109
In base 2, what is 1011 - -10?
1101
In base 15, what is 6 + -2?
4
In base 6, what is 12 - -1104?
1120
In base 5, what is 4 - -11?
20
In base 9, what is 1 - 1028?
-1027
In base 7, what is -356 + -16?
-405
In base 3, what is -12202100 - 11?
-12202111
In base 8, what is 4 + -5343?
-5337
In base 3, what is 10 + 22220?
100000
In base 16, what is 3 - d6c?
-d69
In base 11, what is 8 - 32?
-25
In base 15, what is 318 + -1d?
2ea
In base 8, what is 0 - -15?
15
In base 15, what is 3 + -5a?
-57
In base 8, what is -6037 + 0?
-6037
In base 10, what is -31 + -21?
-52
In base 10, what is -4 - 469?
-473
In base 14, what is 20 + d3?
113
In base 13, what is 60 + 179?
209
In base 12, what is -31 + a?
-23
In base 14, what is b0 - -3?
b3
In base 3, what is -2112 - 1211?
-11100
In base 7, what is -2 + -112?
-114
In base 6, what is 400 - -155?
555
In base 8, what is 6 + 5?
13
In base 8, what is 10677 - 5?
10672
In base 15, what is -b - -2a3?
297
In base 3, what is -101 - -22011?
21210
In base 15, what is -35 - 3?
-38
In base 5, what is 13210 - -2?
13212
In base 5, what is -3 + -30?
-33
In base 7, what is 2 - 2?
0
In base 11, what is 614 - 0?
614
In base 10, what is 6 - -77?
83
In base 13, what is -139b + -2?
-13a0
In base 8, what is 623 + 5?
630
In base 10, what is 215 + 4?
219
In base 14, what is -1201 - -3?
-11dc
In base 3, what is -221010 + 0?
-221010
In base 11, what is 36 + -10?
26
In base 15, what is -131 + 0?
-131
In base 5, what is 43 - -2402?
3000
In base 8, what is 2 - -2723?
2725
In base 6, what is -140 + 0?
-140
In base 8, what is -263 + 100?
-163
In base 6, what is 25143 + -2?
25141
In base 12, what is 4 + -20?
-18
In base 11, what is -10 - -44?
34
In base 7, what is 1012 - -3?
1015
In base 3, what is -2 - -2021?
2012
In base 12, what is -3 + 6a?
67
In base 6, what is -3 + 30335?
30332
In base 11, what is 22 - -136?
158
In base 8, what is -3 - -22?
17
In base 3, what is -2112 + 112001?
102112
In base 8, what is -13 - -2?
-11
In base 10, what is 64 + -3?
61
In base 5, what is 232 + 10?
242
In base 8, what is 5 + -616?
-611
In base 8, what is 304 + -3?
301
In base 3, what is -110120 - -10?
-110110
In base 12, what is -39 + -531?
-56a
In base 11, what is 139 + 4?
142
In base 3, what is -1000 - 21010?
-22010
In base 11, what is -137 - -12a?
-8
In base 9, what is 1 + -3026?
-3025
In base 16, what is -6 - -1?
-5
In base 13, what is -16 - 25?
-3b
In base 16, what is -15 - -3?
-12
In base 16, what is -1 + 70?
6f
In base 7, what is -3 - -12?
6
In base 11, what is 24 + 64?
88
In base 15, what is -2 + 16?
14
In base 15, what is aa + 2?
ac
In base 7, what is -4 - -4056?
4052
In base 9, what is -4 - 35?
-40
In base 6, what is 1 - -23133?
23134
In base 10, what is -4 - 1381?
-1385
In base 4, what is -20123 + -13?
-20202
In base 13, what is -374b - -1?
-374a
In base 8, what is -15 - -403?
366
In base 15, what is -17b - 3?
-17e
In base 5, what is 221 + -340?
-114
In base 3, what is -112 + 112012?
111200
In base 8, what is -1615 - 2?
-1617
In base 16, what is -1 + 1b1?
1b0
In base 10, what is -3 + -192?
-195
In base 8, what is -47 - 3?
-52
In base 13, what is -5 + -23?
-28
In base 3, what is 110010 - -2?
110012
In base 9, what is 11 - -71?
82
In base 15, what is 1 + -2db?
-2da
In base 2, what is 1001 - -101011111?
101101000
In base 11, what is 11 - 73?
-62
In base 3, what is 2 + -11000102?
-11000100
In base 12, what is -b + -1077?
-1086
In base 9, what is -5 - 2203?
-2208
In base 6, what is -130 + 2?
-124
In base 4, what is 1 + -2223?
-2222
In base 13, what is 5 + 1b?
23
In base 11, what is -106 + 1?
-105
In base 13, what is -b - -a?
-1
In base 16, what is 1 + -22?
-21
In base 8, what is 454 + 0?
454
In base 11, what is 1 + -2866?
-2865
In base 7, what is -3156 - -3?
-3153
In base 9, what is 0 - 34?
-34
In base 2, what is -111 - -1?
-110
In base 12, what is -5 - -8?
3
In base 8, what is -5 - -30?
23
In base 7, what is -2 - 32?
-34
In base 13, what is 2565 + -3?
2562
In base 9, what is -13 + -268?
-282
In base 12, what is -72b + 5?
-726
In base 3, what is -102121 + 21?
-102100
In base 16, what is 2e - -1a8?
1d6
In base 4, what is 10301 + -3?
10232
In base 8, what is -12 + 3?
-7
In base 2, what is -100111010 - -1101?
-100101101
In base 2, what is -1101 + -1010001?
-1011110
In base 4, what is -3231 + 0?
-3231
In base 12, what is -a - -165?
157
In base 2, what is -101000001 + 101?
-100111100
In base 2, what is 1101 + 1110?
11011
In base 14, what is 1 - b3?
-b2
In base 5, what is 24 - 100?
-21
In base 9, what is -5 - -1122?
1116
In base 14, what is -2 + -66?
-68
In base 7, what is -656 + -4?
-663
In base 14, what is 3d + 2?
41
In base 15, what is -4 - 72d?
-732
In base 4, what is -11121 - 1?
-11122
In base 2, what is -10 + 1010110?
1010100
In base 2, what is -100111 + 110111000?
110010001
In base 5, what is -4330 - -1?
-4324
In base 3, what is 1 + -100210?
-100202
In base 10, what is -595 + -5?
-600
In base 8, what is 2 - 2437?
-2435
In base 13, what is -137 + 1?
-136
In base 11, what is -aa + -2?
-101
In base 14, what is -5 + -2d?
-34
In base 3, what is -102010 + 10?
-102000
In base 11, what is -75 - 6?
-80
In base 11, what is -3a08 - -2?
-3a06
In base 10, what is -79 - 78?
-157
In base 14, what is -10b - -1?
-10a
In base 7, what is -1132 - 0?
-1132
In base 7, what is -1021 - -5?
-1013
In base 14, what is 13 + b24?
b37
In base 4, what is -101303 - 32?
-102001
In base 4, what is 113 + 1012?
1131
In base 7, what is -4 + 3302?
3265
In base 11, what is 143 + -3?
140
In base 13, what is 3b + -2?
39
In base 12, what is 617 - 4?
613
In base 2, what is 101 + -11100?
-10111
In base 14, what is -17b4 - -4?
-17b0
In base 11, what is 1 + 3a?
40
In base 6, what is 0 + -430?
-430
In base 13, what is -9 + -4b?
-57
In base 8, what is -5 + -116?
-123
In base 2, what is 1000 + 1000?
10000
In base 14, what is -a9c + 0?
-a9c
In base 16, what is 16f - 20?
14f
In base 4, what is 20320 + -10?
20310
In base 5, what is -4 + -332?
-341
In base 14, what is 4 - 20a?
-206
In base 8, what is -3202 - 6?
-3210
In base 6, what is -1204 + 124?
-1040
In base 10, what is 3 - 16?
-13
In base 2, what is 10 - 1000000?
-111110
In base 5, what is -4 + 2140?
2131
In base 7, what is -10 + 52?
42
In base 12, what is -304 + -4?
-308
In base 3, what is -202100010 + 1?
-202100002
In base 13, what is 9 + 3b?
47
In base 14, what is -3 - -1258?
1255
In base 11, what is 21 - -4?
25
In base 8, what is -54 + 15?
-37
In base 7, what is 610 + -2?
605
In base 9, what is 5 - 867?
-862
In base 10, what is 0 - -96?
96
In base 9, what is 2 + -212?
-210
In base 5, what is -20 - -3431?
3411
In base 5, what is -11 - -21232?
21221
In base 8, what is -1246 + -4?
-1252
In base 2, what is 101 - 1011111101?
-1011111000
In base 10, what is -6 + 2?
-4
In base 5, what is 234 + -140?
44
In base 8, what is 12 - -367?
401
In base 7, what is -1 - 403?
-404
In base 6, what is -422 - 10?
-432
In base 13, what is -4 + -24?
-28
In base 9, what is 757 + 3?
761
In base 4, what is -3331 - 10?
-10001
In base 3, what is 212011 - 10?
212001
In base 8, what is -42 - 5?
-47
In base 14, what is -326 + 0?
-326
In base 12, what is -437 + 4?
-433
In base 9, what is -1665 + -5?
-1671
In base 9, what is -13 + 71?
57
In base 11, what is 8 - 9?
-1
In base 11, what is 8 + 60?
68
In base 15, what is 5 + 361?
366
In base 6, what is 2 - 44?
-42
In base 16, what is 1 - -92?
93
In base 2, what is -10 + 1110010?
1110000
In base 10, what is 2 + -6?
-4
In base 9, what is -10323 - 4?
-10327
In base 9, what is 12 - 255?
-243
In base 2, what is 101011011 + -101?
101010110
In base 15, what is 4 + 8a?
8e
In base 8, what is -30225 - -3?
-30222
In base 7, what is -105 + 24?
-51
In base 15, what is 3 + -8be?
-8bb
In base 3, what is 212222 - -11?
220010
In base 10, what is -12 - 210?
-222
In base 12, what is 2a + -a6?
-78
In base 13, what is -1a27 - 2?
-1a29
In base 5, what is 0 + 131?
131
In base 14, what is 52 + 4?
56
In base 6, what is -1145 - -5?
-1140
In base 9, what is -5 - -201?
185
In base 16, what is -28 - -4?
-24
In base 8, what is 461 + 2?
463
In base 6, what is 5 + -2?
3
In base 4, what is 10023230 - -3?
1